{"id":325,"date":"2019-06-11T19:29:14","date_gmt":"2019-06-11T19:29:14","guid":{"rendered":"http:\/\/juma.centraldemarketing.es\/producto\/walkie-motorola-dp2600-uhf-403-470mhz"},"modified":"2019-06-11T19:29:14","modified_gmt":"2019-06-11T19:29:14","slug":"walkie-motorola-dp2600-uhf-403-470mhz","status":"publish","type":"product","link":"https:\/\/www.juma.es\/tienda\/producto\/walkie-motorola-dp2600-uhf-403-470mhz","title":{"rendered":"Walkie Motorola DP2600 UHF 403-470Mhz"},"content":{"rendered":"<dl>\n<dt><\/dt>\n<dd>\n<p>MDH02RDH9JA2_N<\/p>\n<\/dd>\n<dt><\/dt>\n<dd>\n<ul>\n<li>403-470Mhz<\/li>\n<li>128 canales<\/li>\n<li>4 botones programables<\/li>\n<li>LED tricolor<\/li>\n<li>Display en blanco y negro de dos l\u00edneas<\/li>\n<li>Men\u00fa de navegaci\u00f3n de f\u00a0cil uso con interface intuitivo<\/li>\n<li>Llamadas a grupos, individuales y a todos<\/li>\n<li>PTT ID. Identificaci\u00f3n de llamada<\/li>\n<li>Funciones de monitorizaci\u00f3n remota<\/li>\n<li>Nuevo conector de accesorios (no requiere de herramientas)<\/li>\n<li>Caracter\u00edsticas de privacidad (privacidad mejorada v\u00eda compra de software)<\/li>\n<li>Interrupci\u00f3n de transmisi\u00f3n- v\u00eda compra de software\u00ff<\/li>\n<li>Se\u00f1alizaci\u00f3n 5 tonos- v\u00eda compra de software<\/li>\n<li>Audio inteligente<\/li>\n<li>IP57<\/li>\n<li>IP Site Connect (Conventional Multiple Site Coverage)<\/li>\n<li>Capacity Plus (Single Site Trunking)-v\u00eda compra de software<\/li>\n<li>Linked Capacity Plus (Single Site Trunking)- v\u00eda compra de software<\/li>\n<li>Capacidad VOX<\/li>\n<li>Incluye: Port\u00a0til con antena, Bater\u00eda, Cargador unitario, Clip de cintur\u00f3n y Gu\u00eda de usuario<\/li>\n<\/ul>\n<\/dd>\n<dt><\/dt>\n<dd>\n<p><a title=\"catalogo motorola\" href=\"http:\/\/wadda.es\/juma\/descargas\/catalogo%20mtrbo%20dp2000_en.pdf\" target=\"_blank\" rel=\"noreferrer noopener\"><img decoding=\"async\" title=\"descargar documentacion\" src=\"http:\/\/wadda.es\/juma\/descargas\/descarga_documentacion.png\" alt=\"descargar documentacion\" \/><\/a><\/p>\n<\/dd>\n<\/dl>\n","protected":false},"excerpt":{"rendered":"<p>MDH02RDH9JA2_N 403-470Mhz 128 canales 4 botones programables LED tricolor Display en blanco y negro de dos l\u00edneas Men\u00fa de navegaci\u00f3n de f\u00a0cil uso con interface intuitivo Llamadas a grupos, individuales y a todos PTT ID. Identificaci\u00f3n de llamada Funciones de monitorizaci\u00f3n remota Nuevo conector de accesorios (no requiere de herramientas) Caracter\u00edsticas de privacidad (privacidad mejorada &hellip;<\/p>\n<p class=\"read-more\"> <a class=\"\" href=\"https:\/\/www.juma.es\/tienda\/producto\/walkie-motorola-dp2600-uhf-403-470mhz\"> <span class=\"screen-reader-text\">Walkie Motorola DP2600 UHF 403-470Mhz<\/span> Leer m\u00e1s &raquo;<\/a><\/p>\n","protected":false},"featured_media":324,"comment_status":"open","ping_status":"closed","template":"","meta":{"site-sidebar-layout":"default","site-content-layout":"default","ast-global-header-display":"","ast-main-header-display":"","ast-hfb-above-header-display":"","ast-hfb-below-header-display":"","ast-hfb-mobile-header-display":"","site-post-title":"","ast-breadcrumbs-content":"","ast-featured-img":"","footer-sml-layout":"","theme-transparent-header-meta":"","adv-header-id-meta":"","stick-header-meta":"","header-above-stick-meta":"","header-main-stick-meta":"","header-below-stick-meta":""},"product_cat":[75],"product_tag":[],"yoast_head":"<!-- This site is optimized with the Yoast SEO plugin v20.2.1 - https:\/\/yoast.com\/wordpress\/plugins\/seo\/ -->\n<title>Walkie Motorola DP2600 UHF 403-470Mhz - Tienda Juma<\/title>\n<meta name=\"robots\" content=\"index, follow, max-snippet:-1, max-image-preview:large, max-video-preview:-1\" \/>\n<link rel=\"canonical\" href=\"https:\/\/www.juma.es\/tienda\/producto\/walkie-motorola-dp2600-uhf-403-470mhz\" \/>\n<meta property=\"og:locale\" content=\"es_ES\" \/>\n<meta property=\"og:type\" content=\"article\" \/>\n<meta property=\"og:title\" content=\"Walkie Motorola DP2600 UHF 403-470Mhz - Tienda Juma\" \/>\n<meta property=\"og:description\" content=\"MDH02RDH9JA2_N 403-470Mhz 128 canales 4 botones programables LED tricolor Display en blanco y negro de dos l\u00edneas Men\u00fa de navegaci\u00f3n de f\u00a0cil uso con interface intuitivo Llamadas a grupos, individuales y a todos PTT ID. Identificaci\u00f3n de llamada Funciones de monitorizaci\u00f3n remota Nuevo conector de accesorios (no requiere de herramientas) Caracter\u00edsticas de privacidad (privacidad mejorada &hellip; Walkie Motorola DP2600 UHF 403-470Mhz Leer m\u00e1s &raquo;\" \/>\n<meta property=\"og:url\" content=\"https:\/\/www.juma.es\/tienda\/producto\/walkie-motorola-dp2600-uhf-403-470mhz\" \/>\n<meta property=\"og:site_name\" content=\"Tienda Juma\" \/>\n<meta property=\"og:image\" content=\"https:\/\/www.juma.es\/tienda\/wp-content\/uploads\/2019\/06\/155-Walkie-Motorola-DP2600-UHF-403-470Mhz.jpg\" \/>\n\t<meta property=\"og:image:width\" content=\"331\" \/>\n\t<meta property=\"og:image:height\" content=\"520\" \/>\n\t<meta property=\"og:image:type\" content=\"image\/jpeg\" \/>\n<meta name=\"twitter:card\" content=\"summary_large_image\" \/>\n<meta name=\"twitter:label1\" content=\"Tiempo de lectura\" \/>\n\t<meta name=\"twitter:data1\" content=\"1 minuto\" \/>\n<script type=\"application\/ld+json\" class=\"yoast-schema-graph\">{\"@context\":\"https:\/\/schema.org\",\"@graph\":[{\"@type\":\"WebPage\",\"@id\":\"https:\/\/www.juma.es\/tienda\/producto\/walkie-motorola-dp2600-uhf-403-470mhz\",\"url\":\"https:\/\/www.juma.es\/tienda\/producto\/walkie-motorola-dp2600-uhf-403-470mhz\",\"name\":\"Walkie Motorola DP2600 UHF 403-470Mhz - Tienda Juma\",\"isPartOf\":{\"@id\":\"https:\/\/www.juma.es\/tienda\/#website\"},\"datePublished\":\"2019-06-11T19:29:14+00:00\",\"dateModified\":\"2019-06-11T19:29:14+00:00\",\"breadcrumb\":{\"@id\":\"https:\/\/www.juma.es\/tienda\/producto\/walkie-motorola-dp2600-uhf-403-470mhz#breadcrumb\"},\"inLanguage\":\"es\",\"potentialAction\":[{\"@type\":\"ReadAction\",\"target\":[\"https:\/\/www.juma.es\/tienda\/producto\/walkie-motorola-dp2600-uhf-403-470mhz\"]}]},{\"@type\":\"BreadcrumbList\",\"@id\":\"https:\/\/www.juma.es\/tienda\/producto\/walkie-motorola-dp2600-uhf-403-470mhz#breadcrumb\",\"itemListElement\":[{\"@type\":\"ListItem\",\"position\":1,\"name\":\"Portada\",\"item\":\"https:\/\/www.juma.es\/tienda\/\"},{\"@type\":\"ListItem\",\"position\":2,\"name\":\"Tienda\",\"item\":\"https:\/\/www.juma.es\/tienda\/tienda\"},{\"@type\":\"ListItem\",\"position\":3,\"name\":\"Walkie Motorola DP2600 UHF 403-470Mhz\"}]},{\"@type\":\"WebSite\",\"@id\":\"https:\/\/www.juma.es\/tienda\/#website\",\"url\":\"https:\/\/www.juma.es\/tienda\/\",\"name\":\"Tienda Juma\",\"description\":\"Tienda de seguridad y emergencia\",\"publisher\":{\"@id\":\"https:\/\/www.juma.es\/tienda\/#organization\"},\"potentialAction\":[{\"@type\":\"SearchAction\",\"target\":{\"@type\":\"EntryPoint\",\"urlTemplate\":\"https:\/\/www.juma.es\/tienda\/?s={search_term_string}\"},\"query-input\":\"required name=search_term_string\"}],\"inLanguage\":\"es\"},{\"@type\":\"Organization\",\"@id\":\"https:\/\/www.juma.es\/tienda\/#organization\",\"name\":\"Tienda Juma\",\"url\":\"https:\/\/www.juma.es\/tienda\/\",\"logo\":{\"@type\":\"ImageObject\",\"inLanguage\":\"es\",\"@id\":\"https:\/\/www.juma.es\/tienda\/#\/schema\/logo\/image\/\",\"url\":\"https:\/\/www.juma.es\/tienda\/wp-content\/uploads\/2023\/03\/cropped-Logo-JUMA-2019.png\",\"contentUrl\":\"https:\/\/www.juma.es\/tienda\/wp-content\/uploads\/2023\/03\/cropped-Logo-JUMA-2019.png\",\"width\":653,\"height\":197,\"caption\":\"Tienda Juma\"},\"image\":{\"@id\":\"https:\/\/www.juma.es\/tienda\/#\/schema\/logo\/image\/\"}}]}<\/script>\n<!-- \/ Yoast SEO plugin. -->","yoast_head_json":{"title":"Walkie Motorola DP2600 UHF 403-470Mhz - Tienda Juma","robots":{"index":"index","follow":"follow","max-snippet":"max-snippet:-1","max-image-preview":"max-image-preview:large","max-video-preview":"max-video-preview:-1"},"canonical":"https:\/\/www.juma.es\/tienda\/producto\/walkie-motorola-dp2600-uhf-403-470mhz","og_locale":"es_ES","og_type":"article","og_title":"Walkie Motorola DP2600 UHF 403-470Mhz - Tienda Juma","og_description":"MDH02RDH9JA2_N 403-470Mhz 128 canales 4 botones programables LED tricolor Display en blanco y negro de dos l\u00edneas Men\u00fa de navegaci\u00f3n de f\u00a0cil uso con interface intuitivo Llamadas a grupos, individuales y a todos PTT ID. Identificaci\u00f3n de llamada Funciones de monitorizaci\u00f3n remota Nuevo conector de accesorios (no requiere de herramientas) Caracter\u00edsticas de privacidad (privacidad mejorada &hellip; Walkie Motorola DP2600 UHF 403-470Mhz Leer m\u00e1s &raquo;","og_url":"https:\/\/www.juma.es\/tienda\/producto\/walkie-motorola-dp2600-uhf-403-470mhz","og_site_name":"Tienda Juma","og_image":[{"width":331,"height":520,"url":"https:\/\/www.juma.es\/tienda\/wp-content\/uploads\/2019\/06\/155-Walkie-Motorola-DP2600-UHF-403-470Mhz.jpg","type":"image\/jpeg"}],"twitter_card":"summary_large_image","twitter_misc":{"Tiempo de lectura":"1 minuto"},"schema":{"@context":"https:\/\/schema.org","@graph":[{"@type":"WebPage","@id":"https:\/\/www.juma.es\/tienda\/producto\/walkie-motorola-dp2600-uhf-403-470mhz","url":"https:\/\/www.juma.es\/tienda\/producto\/walkie-motorola-dp2600-uhf-403-470mhz","name":"Walkie Motorola DP2600 UHF 403-470Mhz - Tienda Juma","isPartOf":{"@id":"https:\/\/www.juma.es\/tienda\/#website"},"datePublished":"2019-06-11T19:29:14+00:00","dateModified":"2019-06-11T19:29:14+00:00","breadcrumb":{"@id":"https:\/\/www.juma.es\/tienda\/producto\/walkie-motorola-dp2600-uhf-403-470mhz#breadcrumb"},"inLanguage":"es","potentialAction":[{"@type":"ReadAction","target":["https:\/\/www.juma.es\/tienda\/producto\/walkie-motorola-dp2600-uhf-403-470mhz"]}]},{"@type":"BreadcrumbList","@id":"https:\/\/www.juma.es\/tienda\/producto\/walkie-motorola-dp2600-uhf-403-470mhz#breadcrumb","itemListElement":[{"@type":"ListItem","position":1,"name":"Portada","item":"https:\/\/www.juma.es\/tienda\/"},{"@type":"ListItem","position":2,"name":"Tienda","item":"https:\/\/www.juma.es\/tienda\/tienda"},{"@type":"ListItem","position":3,"name":"Walkie Motorola DP2600 UHF 403-470Mhz"}]},{"@type":"WebSite","@id":"https:\/\/www.juma.es\/tienda\/#website","url":"https:\/\/www.juma.es\/tienda\/","name":"Tienda Juma","description":"Tienda de seguridad y emergencia","publisher":{"@id":"https:\/\/www.juma.es\/tienda\/#organization"},"potentialAction":[{"@type":"SearchAction","target":{"@type":"EntryPoint","urlTemplate":"https:\/\/www.juma.es\/tienda\/?s={search_term_string}"},"query-input":"required name=search_term_string"}],"inLanguage":"es"},{"@type":"Organization","@id":"https:\/\/www.juma.es\/tienda\/#organization","name":"Tienda Juma","url":"https:\/\/www.juma.es\/tienda\/","logo":{"@type":"ImageObject","inLanguage":"es","@id":"https:\/\/www.juma.es\/tienda\/#\/schema\/logo\/image\/","url":"https:\/\/www.juma.es\/tienda\/wp-content\/uploads\/2023\/03\/cropped-Logo-JUMA-2019.png","contentUrl":"https:\/\/www.juma.es\/tienda\/wp-content\/uploads\/2023\/03\/cropped-Logo-JUMA-2019.png","width":653,"height":197,"caption":"Tienda Juma"},"image":{"@id":"https:\/\/www.juma.es\/tienda\/#\/schema\/logo\/image\/"}}]}},"_links":{"self":[{"href":"https:\/\/www.juma.es\/tienda\/wp-json\/wp\/v2\/product\/325"}],"collection":[{"href":"https:\/\/www.juma.es\/tienda\/wp-json\/wp\/v2\/product"}],"about":[{"href":"https:\/\/www.juma.es\/tienda\/wp-json\/wp\/v2\/types\/product"}],"replies":[{"embeddable":true,"href":"https:\/\/www.juma.es\/tienda\/wp-json\/wp\/v2\/comments?post=325"}],"version-history":[{"count":0,"href":"https:\/\/www.juma.es\/tienda\/wp-json\/wp\/v2\/product\/325\/revisions"}],"wp:featuredmedia":[{"embeddable":true,"href":"https:\/\/www.juma.es\/tienda\/wp-json\/wp\/v2\/media\/324"}],"wp:attachment":[{"href":"https:\/\/www.juma.es\/tienda\/wp-json\/wp\/v2\/media?parent=325"}],"wp:term":[{"taxonomy":"product_cat","embeddable":true,"href":"https:\/\/www.juma.es\/tienda\/wp-json\/wp\/v2\/product_cat?post=325"},{"taxonomy":"product_tag","embeddable":true,"href":"https:\/\/www.juma.es\/tienda\/wp-json\/wp\/v2\/product_tag?post=325"}],"curies":[{"name":"wp","href":"https:\/\/api.w.org\/{rel}","templated":true}]}}