{"id":1158,"date":"2020-04-29T10:12:03","date_gmt":"2020-04-29T10:12:03","guid":{"rendered":"http:\/\/juma.centraldemarketing.es\/producto\/termometro-infrarrojos"},"modified":"2020-04-29T10:12:03","modified_gmt":"2020-04-29T10:12:03","slug":"termometro-infrarrojos","status":"publish","type":"product","link":"https:\/\/www.juma.es\/tienda\/producto\/termometro-infrarrojos","title":{"rendered":"Term\u00f3metro Infrarrojos"},"content":{"rendered":"<p>Caracter\u00edsticas t\u00e9cnicas:\u00a0<\/p>\n<p>\u00a0<\/p>\n<ul>\n<li>Equipo con dise\u00f1o compacto.<\/li>\n<li>Botones y el gatillo est\u00e1n dise\u00f1ados con usarse con una sola mano.<\/li>\n<li>Puede medir la temperatura sin contacto del o\u00eddo y de la frente<\/li>\n<li>Para uso en hospitales y hogar.<\/li>\n<li>Funci\u00f3n Fast-Read, para mediciones &lt;1sg.<\/li>\n<li>Modo de medici\u00f3n: medici\u00f3n de la frente \/ oreja<\/li>\n<li>Precisi\u00f3n de medida: \u00b1 0,2 \u00b0C para 35 \u00b0C ~ 42 \u00b0C; \u00b1 0,3 \u00b0C<\/li>\n<li>Resoluci\u00f3n de la pantalla: 0,1 \u00b0 C<\/li>\n<li>Apagado autom\u00e1tico<\/li>\n<li>Entorno de funcionamiento: 10 \u00b0C &#8211; 40 \u00b0C\u00a0 humedad relativa \u226495% RH; 70-106kPa<\/li>\n<li>Condiciones de almacenamiento: -25 \u00b0C &#8211; 55 \u00b0C humedad relativa \u226495% RH; 70-106kPa<\/li>\n<li>Peso del paquete: 85g<\/li>\n<li>Tama\u00f1o del paquete: 14.5 x 7.1 x 3.5cm<\/li>\n<li>Cantidad por paquete: 1uds.\u00a0<\/li>\n<\/ul>\n","protected":false},"excerpt":{"rendered":"<p>Term\u00f3metro infrarrojo para la medici\u00f3n de temperatura sin contacto con la piel.<\/p>\n","protected":false},"featured_media":1157,"comment_status":"open","ping_status":"closed","template":"","meta":{"site-sidebar-layout":"default","site-content-layout":"default","ast-global-header-display":"","ast-main-header-display":"","ast-hfb-above-header-display":"","ast-hfb-below-header-display":"","ast-hfb-mobile-header-display":"","site-post-title":"","ast-breadcrumbs-content":"","ast-featured-img":"","footer-sml-layout":"","theme-transparent-header-meta":"","adv-header-id-meta":"","stick-header-meta":"","header-above-stick-meta":"","header-main-stick-meta":"","header-below-stick-meta":""},"product_cat":[16,49,26],"product_tag":[111,114,113,112],"yoast_head":"<!-- This site is optimized with the Yoast SEO plugin v20.2.1 - https:\/\/yoast.com\/wordpress\/plugins\/seo\/ -->\n<title>Term\u00f3metro Infrarrojos<\/title>\n<meta name=\"description\" content=\"El term\u00f3metro infrarrojos mide la temperatura de las personas para evitar la expansi\u00f3n del virus.\" \/>\n<meta name=\"robots\" content=\"index, follow, max-snippet:-1, max-image-preview:large, max-video-preview:-1\" \/>\n<link rel=\"canonical\" href=\"https:\/\/www.juma.es\/tienda\/producto\/termometro-infrarrojos\" \/>\n<meta property=\"og:locale\" content=\"es_ES\" \/>\n<meta property=\"og:type\" content=\"article\" \/>\n<meta property=\"og:title\" content=\"Term\u00f3metro Infrarrojos\" \/>\n<meta property=\"og:description\" content=\"El term\u00f3metro infrarrojos mide la temperatura de las personas para evitar la expansi\u00f3n del virus.\" \/>\n<meta property=\"og:url\" content=\"https:\/\/www.juma.es\/tienda\/producto\/termometro-infrarrojos\" \/>\n<meta property=\"og:site_name\" content=\"Tienda Juma\" \/>\n<meta property=\"og:image\" content=\"https:\/\/www.juma.es\/tienda\/wp-content\/uploads\/2020\/04\/583-Termometro-Infrarrojos.jpg\" \/>\n\t<meta property=\"og:image:width\" content=\"400\" \/>\n\t<meta property=\"og:image:height\" content=\"400\" \/>\n\t<meta property=\"og:image:type\" content=\"image\/jpeg\" \/>\n<meta name=\"twitter:card\" content=\"summary_large_image\" \/>\n<meta name=\"twitter:label1\" content=\"Tiempo de lectura\" \/>\n\t<meta name=\"twitter:data1\" content=\"1 minuto\" \/>\n<script type=\"application\/ld+json\" class=\"yoast-schema-graph\">{\"@context\":\"https:\/\/schema.org\",\"@graph\":[{\"@type\":\"WebPage\",\"@id\":\"https:\/\/www.juma.es\/tienda\/producto\/termometro-infrarrojos\",\"url\":\"https:\/\/www.juma.es\/tienda\/producto\/termometro-infrarrojos\",\"name\":\"Term\u00f3metro Infrarrojos\",\"isPartOf\":{\"@id\":\"https:\/\/www.juma.es\/tienda\/#website\"},\"datePublished\":\"2020-04-29T10:12:03+00:00\",\"dateModified\":\"2020-04-29T10:12:03+00:00\",\"description\":\"El term\u00f3metro infrarrojos mide la temperatura de las personas para evitar la expansi\u00f3n del virus.\",\"breadcrumb\":{\"@id\":\"https:\/\/www.juma.es\/tienda\/producto\/termometro-infrarrojos#breadcrumb\"},\"inLanguage\":\"es\",\"potentialAction\":[{\"@type\":\"ReadAction\",\"target\":[\"https:\/\/www.juma.es\/tienda\/producto\/termometro-infrarrojos\"]}]},{\"@type\":\"BreadcrumbList\",\"@id\":\"https:\/\/www.juma.es\/tienda\/producto\/termometro-infrarrojos#breadcrumb\",\"itemListElement\":[{\"@type\":\"ListItem\",\"position\":1,\"name\":\"Portada\",\"item\":\"https:\/\/www.juma.es\/tienda\/\"},{\"@type\":\"ListItem\",\"position\":2,\"name\":\"Tienda\",\"item\":\"https:\/\/www.juma.es\/tienda\/tienda\"},{\"@type\":\"ListItem\",\"position\":3,\"name\":\"Term\u00f3metro Infrarrojos\"}]},{\"@type\":\"WebSite\",\"@id\":\"https:\/\/www.juma.es\/tienda\/#website\",\"url\":\"https:\/\/www.juma.es\/tienda\/\",\"name\":\"Tienda Juma\",\"description\":\"Tienda de seguridad y emergencia\",\"publisher\":{\"@id\":\"https:\/\/www.juma.es\/tienda\/#organization\"},\"potentialAction\":[{\"@type\":\"SearchAction\",\"target\":{\"@type\":\"EntryPoint\",\"urlTemplate\":\"https:\/\/www.juma.es\/tienda\/?s={search_term_string}\"},\"query-input\":\"required name=search_term_string\"}],\"inLanguage\":\"es\"},{\"@type\":\"Organization\",\"@id\":\"https:\/\/www.juma.es\/tienda\/#organization\",\"name\":\"Tienda Juma\",\"url\":\"https:\/\/www.juma.es\/tienda\/\",\"logo\":{\"@type\":\"ImageObject\",\"inLanguage\":\"es\",\"@id\":\"https:\/\/www.juma.es\/tienda\/#\/schema\/logo\/image\/\",\"url\":\"https:\/\/www.juma.es\/tienda\/wp-content\/uploads\/2023\/03\/cropped-Logo-JUMA-2019.png\",\"contentUrl\":\"https:\/\/www.juma.es\/tienda\/wp-content\/uploads\/2023\/03\/cropped-Logo-JUMA-2019.png\",\"width\":653,\"height\":197,\"caption\":\"Tienda Juma\"},\"image\":{\"@id\":\"https:\/\/www.juma.es\/tienda\/#\/schema\/logo\/image\/\"}}]}<\/script>\n<!-- \/ Yoast SEO plugin. -->","yoast_head_json":{"title":"Term\u00f3metro Infrarrojos","description":"El term\u00f3metro infrarrojos mide la temperatura de las personas para evitar la expansi\u00f3n del virus.","robots":{"index":"index","follow":"follow","max-snippet":"max-snippet:-1","max-image-preview":"max-image-preview:large","max-video-preview":"max-video-preview:-1"},"canonical":"https:\/\/www.juma.es\/tienda\/producto\/termometro-infrarrojos","og_locale":"es_ES","og_type":"article","og_title":"Term\u00f3metro Infrarrojos","og_description":"El term\u00f3metro infrarrojos mide la temperatura de las personas para evitar la expansi\u00f3n del virus.","og_url":"https:\/\/www.juma.es\/tienda\/producto\/termometro-infrarrojos","og_site_name":"Tienda Juma","og_image":[{"width":400,"height":400,"url":"https:\/\/www.juma.es\/tienda\/wp-content\/uploads\/2020\/04\/583-Termometro-Infrarrojos.jpg","type":"image\/jpeg"}],"twitter_card":"summary_large_image","twitter_misc":{"Tiempo de lectura":"1 minuto"},"schema":{"@context":"https:\/\/schema.org","@graph":[{"@type":"WebPage","@id":"https:\/\/www.juma.es\/tienda\/producto\/termometro-infrarrojos","url":"https:\/\/www.juma.es\/tienda\/producto\/termometro-infrarrojos","name":"Term\u00f3metro Infrarrojos","isPartOf":{"@id":"https:\/\/www.juma.es\/tienda\/#website"},"datePublished":"2020-04-29T10:12:03+00:00","dateModified":"2020-04-29T10:12:03+00:00","description":"El term\u00f3metro infrarrojos mide la temperatura de las personas para evitar la expansi\u00f3n del virus.","breadcrumb":{"@id":"https:\/\/www.juma.es\/tienda\/producto\/termometro-infrarrojos#breadcrumb"},"inLanguage":"es","potentialAction":[{"@type":"ReadAction","target":["https:\/\/www.juma.es\/tienda\/producto\/termometro-infrarrojos"]}]},{"@type":"BreadcrumbList","@id":"https:\/\/www.juma.es\/tienda\/producto\/termometro-infrarrojos#breadcrumb","itemListElement":[{"@type":"ListItem","position":1,"name":"Portada","item":"https:\/\/www.juma.es\/tienda\/"},{"@type":"ListItem","position":2,"name":"Tienda","item":"https:\/\/www.juma.es\/tienda\/tienda"},{"@type":"ListItem","position":3,"name":"Term\u00f3metro Infrarrojos"}]},{"@type":"WebSite","@id":"https:\/\/www.juma.es\/tienda\/#website","url":"https:\/\/www.juma.es\/tienda\/","name":"Tienda Juma","description":"Tienda de seguridad y emergencia","publisher":{"@id":"https:\/\/www.juma.es\/tienda\/#organization"},"potentialAction":[{"@type":"SearchAction","target":{"@type":"EntryPoint","urlTemplate":"https:\/\/www.juma.es\/tienda\/?s={search_term_string}"},"query-input":"required name=search_term_string"}],"inLanguage":"es"},{"@type":"Organization","@id":"https:\/\/www.juma.es\/tienda\/#organization","name":"Tienda Juma","url":"https:\/\/www.juma.es\/tienda\/","logo":{"@type":"ImageObject","inLanguage":"es","@id":"https:\/\/www.juma.es\/tienda\/#\/schema\/logo\/image\/","url":"https:\/\/www.juma.es\/tienda\/wp-content\/uploads\/2023\/03\/cropped-Logo-JUMA-2019.png","contentUrl":"https:\/\/www.juma.es\/tienda\/wp-content\/uploads\/2023\/03\/cropped-Logo-JUMA-2019.png","width":653,"height":197,"caption":"Tienda Juma"},"image":{"@id":"https:\/\/www.juma.es\/tienda\/#\/schema\/logo\/image\/"}}]}},"_links":{"self":[{"href":"https:\/\/www.juma.es\/tienda\/wp-json\/wp\/v2\/product\/1158"}],"collection":[{"href":"https:\/\/www.juma.es\/tienda\/wp-json\/wp\/v2\/product"}],"about":[{"href":"https:\/\/www.juma.es\/tienda\/wp-json\/wp\/v2\/types\/product"}],"replies":[{"embeddable":true,"href":"https:\/\/www.juma.es\/tienda\/wp-json\/wp\/v2\/comments?post=1158"}],"version-history":[{"count":0,"href":"https:\/\/www.juma.es\/tienda\/wp-json\/wp\/v2\/product\/1158\/revisions"}],"wp:featuredmedia":[{"embeddable":true,"href":"https:\/\/www.juma.es\/tienda\/wp-json\/wp\/v2\/media\/1157"}],"wp:attachment":[{"href":"https:\/\/www.juma.es\/tienda\/wp-json\/wp\/v2\/media?parent=1158"}],"wp:term":[{"taxonomy":"product_cat","embeddable":true,"href":"https:\/\/www.juma.es\/tienda\/wp-json\/wp\/v2\/product_cat?post=1158"},{"taxonomy":"product_tag","embeddable":true,"href":"https:\/\/www.juma.es\/tienda\/wp-json\/wp\/v2\/product_tag?post=1158"}],"curies":[{"name":"wp","href":"https:\/\/api.w.org\/{rel}","templated":true}]}}